List the prime factors of y(1).
3, 37
Let p(u) = -3 + 0 - 3*u**2 - u**3 - 1. What are the prime factors of p(-4)?
2, 3
Let j be (-2 - -4)*(12 - -1). Let q = j + -12. What are the prime factors of q?
2, 7
Let c(h) be the third derivative of h**6/5 - h**5/60 + h**4/24 + h**2. Suppose -4*v + 5 - 1 = 0. List the prime factors of c(v).
2, 3
Let c(y) = y - 10. Let r be c(8). Let f be 145/(-7) + r/7. Let b = -12 - f. List the prime factors of b.
3
Let k(t) = t - 5. Suppose -4*j - 18 = -6*j. List the prime factors of k(j).
2
Suppose 37 = c + 11. List the prime factors of c.
2, 13
Suppose -11 - 1 = -3*c. Let w be (-3*1)/((-4)/12). Suppose -4*a = c*q - 28, -w = -4*a + 4*q + 43. What are the prime factors of a?
2, 5
Suppose 0 = -8*b + 346 + 54. List the prime factors of b.
2, 5
Suppose 0 = -3*c - 2*n - 16, -3*c = -5*c + 2*n + 6. Let v be 14*((-1)/c)/1. What are the prime factors of v + (0 + 3)/3?
2
Suppose 3*k - 108 = -0*k. Suppose -5*c + k - 6 = 0. List the prime factors of c.
2, 3
What are the prime factors of (36/(-21))/(14/(-441))?
2, 3
Suppose 4*x + 7 = k - 0*k, 0 = 5*k + 25. What are the prime factors of (-8)/(((-6)/(-5))/x)?
2, 5
Suppose 2*f - 3*f + 4*l + 33 = 0, -f + 2*l = -41. List the prime factors of f.
7
Let z(x) = x**3 + x**2 + x + 4. Let d = 7 + -7. Let a be z(d). Suppose a*h - 27 = 21. List the prime factors of h.
2, 3
Let t(j) = 11*j - 6*j - 3*j + j**2 - 4. List the prime factors of t(-4).
2
What are the prime factors of (12/3)/(-4)*-7?
7
Let v(h) = h - 1. Let n = 3 + -2. Let x be v(n). Suppose x = 3*o - 5 - 7. List the prime factors of o.
2
Let p = -175 + 330. What are the prime factors of p?
5, 31
What are the prime factors of (-248)/(-12)*3/2?
31
Suppose 2*d + 6 = 14. Suppose 30 = d*l - 18. Let w = 26 - l. What are the prime factors of w?
2, 7
Let o = 26 + -35. What are the prime factors of (168/o)/(10/(-15))?
2, 7
Let i(x) be the first derivative of x**3/3 - 9*x**2/2 + 13*x + 3. What are the prime factors of i(9)?
13
Let s(p) = -2*p**3 - 2*p**2 - 2. Let a be s(-2). Let h be 10*(9/a + -1). Suppose 4*u + 22 + 33 = h*b, -2*b - u = -22. What are the prime factors of b?
11
Suppose -4 = -0*i - i. What are the prime factors of i?
2
Let b = -128 - -222. What are the prime factors of b?
2, 47
Let x = 17 - 17. Suppose 5*t - 130 = -o - x*o, t - o - 32 = 0. List the prime factors of t.
3
Let h be ((-2)/3)/((-2)/9). Suppose -3*r = -0*r + 2*k, 0 = -k + h. Let f = 0 - r. List the prime factors of f.
2
Suppose -392 = -39*k + 35*k. What are the prime factors of k?
2, 7
Let i(z) be the second derivative of -z**5/20 + z**3/6 + 21*z**2/2 - 3*z. Let m be i(0). List the prime factors of ((-36)/m)/(1/(-7)).
2, 3
Let q = 32 - -8. What are the prime factors of q?
2, 5
Suppose -2*v + 395 = 3*v - z, -v + 4*z + 60 = 0. Let y = v - 44. List the prime factors of y.
2, 3
Let m(f) = f**3 - 4*f**2 + 3*f + 2. Let y be 34/6 - 2/3. Suppose -y = 4*l - 17. What are the prime factors of m(l)?
2
Suppose 83 = 3*f + 2*h - 10, 0 = -2*f + 4*h + 78. What are the prime factors of f?
3, 11
Suppose 2*c + 280 = -2*r + 4*r, r - 144 = -3*c. Suppose 3*n + 2*l = r, -l - 2*l - 36 = -n. What are the prime factors of n?
3, 5
Suppose 4*n = n. Suppose -4*f + 3*f + 2 = n. Suppose -y + 12 = f*y. List the prime factors of y.
2
Let h(i) = i**3 + 12*i**2 + 14*i + 8. Let o be h(-11). What are the prime factors of (o/(-20))/(2/40)?
5
Suppose l + 0*l + 3*s = 175, s + 371 = 2*l. What are the prime factors of l?
2, 23
Suppose 0 = -5*m - 31 - 9. Let y = 17 + m. List the prime factors of y.
3
Let m = -190 - -372. List the prime factors of m.
2, 7, 13
Let v(g) = g - 14. Let a be v(8). List the prime factors of ((-20)/a)/(4/6).
5
Let y be (-5 - -3 - -4)/1. Suppose 4*g = -2*j + 66, j = -y*j - 4*g + 101. What are the prime factors of j?
5, 7
Suppose -5*z = s - 26 - 21, -2*s = 3*z - 73. Suppose s = 6*y - 2*y. What are the prime factors of (-52)/y*(0 + -2)?
13
Suppose -y = 1 - 75. Let z = y + -45. What are the prime factors of z?
29
Let o(f) = -f**2 - 14*f - 14. Suppose -7*p = -2*a - 4*p - 10, 3*a + 2*p + 41 = 0. What are the prime factors of o(a)?
19
Let u(c) = 2*c**2 + 6*c - 5. Suppose 4*r - 5*r - 5 = 0. Let h be u(r). Suppose 5*x + h = 3*w, 0*x - 2*x = 0. List the prime factors of w.
5
Suppose 0*v + 139 = 5*v + 2*q, 2*q = 4. Let x = v + -19. List the prime factors of x.
2
Suppose 3*g = -n + 807, -2*g + 191 = -n - 342. What are the prime factors of g?
2, 67
Suppose 2*l - 3*l = -51. List the prime factors of l.
3, 17
Let b(v) = v**3 - 5*v**2 + v - 1. Let m be b(5). Let y(k) = -k**2 + 8*k + 1. What are the prime factors of y(m)?
17
Let n = 500 + -323. List the prime factors of n.
3, 59
List the prime factors of 430/7 - (-18)/(-42).
61
Suppose -4*a - 245 = -11*a. Let z = 94 - a. What are the prime factors of z?
59
Let k = 10 - 6. Let j be 4/16 + 7/k. Suppose -7 = j*x - 19. What are the prime factors of x?
2, 3
Suppose 52 = 5*q - 3*q. Let y = -18 + q. What are the prime factors of y?
2
Let j = 9 + 17. What are the prime factors of j?
2, 13
Let z = 31 + -18. What are the prime factors of z?
13
Let v = 5 - 2. Let m(t) = -2*t + 0*t + 1 + 11*t**2 + v*t. List the prime factors of m(-1).
11
Let g(t) be the first derivative of t**4/4 + 5*t**3/3 - t**2 + 2. What are the prime factors of g(-4)?
2, 3
Let j = 33 - 23. Let h = -14 + 36. Let f = h - j. List the prime factors of f.
2, 3
Let k be 477/(-12) - 2/8. Let n be ((-8)/(-10))/((-1)/k). Suppose n = 4*v - 20. What are the prime factors of v?
13
Suppose -7*f + 88 = -1802. List the prime factors of f.
2, 3, 5
Suppose 0*u - 310 = -5*u. List the prime factors of u.
2, 31
Suppose 0 = -5*o - 4*h - 4, 3*o - 3*h = h - 28. List the prime factors of (18/10)/(o/(-20)).
3
Let f(t) be the third derivative of t**5/60 - t**4/24 + 2*t**3/3 - 4*t**2. What are the prime factors of f(4)?
2
Let y be (-1)/1*3 - -3. Suppose y = -r - 2 + 6. List the prime factors of r.
2
List the prime factors of 4 + -2 - (-388)/4.
3, 11
Suppose -176 = -2*f - 2*s, 5*f - s - 22 = 436. List the prime factors of (0 + 4)/(14/f).
2, 13
Let o be (15/10)/((-2)/(-28)). Let t = o - 12. List the prime factors of t.
3
Let p(f) = -f**2 - f. Let y(k) = 5*k**2 - 2. Let d(t) = 3*p(t) + y(t). What are the prime factors of d(-2)?
2, 3
Let l be (28/(-16))/((-2)/16). Suppose -f - 3*y + 8 = 3*f, 7 = -f - 3*y. Suppose 0*i = -2*i + f*n + l, -i + 2*n = -6. List the prime factors of i.
2
Suppose -20 = -5*i, -4*i = 3*p - 31 - 54. List the prime factors of p.
23
Suppose -q + 58 = -2*n, -3*q + 2*n - 232 = -7*q. Suppose -2*a = -7*a + 100. What are the prime factors of (-1)/(-3 + q/a)?
2, 5
Let r(i) be the third derivative of -i**4/24 - i**3/3 + 3*i**2. Let u be r(7). Let v(c) = c**2 + 9*c + 4. What are the prime factors of v(u)?
2
Suppose 2*r = 4*r - 208. Let y = -74 + r. List the prime factors of 1/(1 + y/(-33)).
11
Suppose 2*t - 10 = -3*t. List the prime factors of 3/6*t*3.
3
Suppose 3*g + 19 = 2*s - 0*s, -30 = 5*g - 3*s. Let a be (-2)/g*36/8. Suppose -a*x + 12 = -0*x. What are the prime factors of x?
2
Let k(r) = r**3 + 4*r. Let s be k(-3). Let d = 4 - s. What are the prime factors of d?
43
Let k(g) = -g**3 + 6*g**2 - 5*g - 3. Let q(c) = c**3 - 4*c**2 - 7*c + 1. Let j be q(5). Let p be (12/j)/(-2)*6. List the prime factors of k(p).
3
Suppose -140 = 4*r + 2*a + 30, -4*a = 2*r + 70. Let h = -25 - r. What are the prime factors of h?
2, 5
Suppose 0 = -n + 4*n - 96. Let l be (4 - (-42)/(-9))*-3. Suppose -h + 7 = 3*g - 49, l*g - n = -2*h. What are the prime factors of g?
2, 5
Suppose r = 21 - 1. What are the prime factors of r/8*(-8)/(-10)?
2
Let v(o) be the second derivative of 3*o**5/20 + o**4/6 - o**3/3 + o**2 + o. Let n be v(2). What are the prime factors of 1/(-2) + n/4?
7
Let z = -13 - -61. What are the prime factors of z?
2, 3
Let y be (-12)/3*5/(-4). Let w = y + 0. Suppose w*r - 3*r + 22 = 2*h, 5*h = r + 75. What are the prime factors of h?
2
List the prime factors of 3 + 1*(-24)/(-1).
3
Let v be (17/(-2))/((-4)/8). Let x = -9 + v. Let p = x + -2. List the prime factors of p.
2, 3
What are the prime factors of (123/(-9))/(3/(-9))?
41
Let o = -219 - -397. What are the prime factors of o?
2, 89
Let a = 3 + 23. Let i = -10 + -4. Let x = i + a. What are the prime factors of x?
2, 3
What are the prime factors of 264/16*(-8)/(-3)?
